ded by g.
0
Let l = 139 - 70. Suppose -f + 3*f - 70 = 0. What is the remainder when l is divided by f?
34
Let l = 58 - 55. Suppose -l*g + 71 = 5*j, -2*j = 4*g - j - 89. Calculate the remainder when g is divided by (1/3)/((-8)/(-144)).
4
Calculate the remainder when ((-560)/168)/(1/(-48)) is divided by 22.
6
Let x = 109 - 154. Calculate the remainder when (-10)/40 + 22/(-8) - x is divided by 23.
19
Let q be 3 + 0 + (265 - 2) + -2. Suppose q = 10*c + 74. Calculate the remainder when 37 is divided by c.
18
Let i(u) = -8 - 1 + 314*u - 308*u. What is the remainder when i(11) is divided by 15?
12
Suppose 0 = 7*x + 10 - 31. Suppose x*m - 2*l = 88, 3*l - 142 = -5*m + 4*l. Calculate the remainder when 976/18 - 2/9 is divided by m.
26
Let c(u) = u**3 + 5*u**2 - 17*u - 9. Let v be c(-7). Calculate the remainder when 112 is divided by 1/1 - (-264)/v.
20
Let t = 431 + -158. What is the remainder when t is divided by 23?
20
Let n(d) = d + 25. Suppose 3*b + 51 = -2*p, -b - 60 = 4*b - 5*p. Calculate the remainder when n(b) is divided by 6.
4
Suppose -58 = -13*s + 46. What is the remainder when 286 is divided by s?
6
Suppose -5*c = 4*a + 21, 4*c + 6 + 14 = 0. Let g(o) = -o. Let u be g(-5). Suppose -u*s = a - 11. Calculate the remainder when 3 is divided by s.
1
Let x = 1368 + -1268. Calculate the remainder when 1597 is divided by x.
97
Let j = 153 + -76. Let g be -5 + 124/24 - 61/6. Calculate the remainder when j is divided by (-1 - 51)/(8 + g).
25
Let t(v) = 14 - 18 + 2*v - 3*v. Let s be t(-6). Suppose 0 = 4*k + 4*w - 8*w - 32, -k - w - s = 0. Calculate the remainder when 10 is divided by k.
1
Let c(j) = -j**3 + 5*j**2 - 3*j - 4. Let o(x) = -3*x**2 - 20*x + 14. What is the remainder when o(-7) is divided by c(3)?
2
Suppose 4*x = 2*x + 2*g + 278, -4*g = -x + 127. What is the remainder when x is divided by 30?
23
Let c = 464 - 395. What is the remainder when c is divided by 8?
5
Suppose -4*w = -w + 5*o + 22, 0 = -w - 5*o - 14. Let k(i) = i**2 + 3*i + 1. What is the remainder when 14 is divided by k(w)?
4
Let p(s) = -s**3 - 17*s**2 - 11. Let j be p(-17). Let l = j - -17. Let n(g) = g**2 + 2. Calculate the remainder when n(-3) is divided by l.
5
Suppose 27*w - 28*w = 2*d - 96, -2*d - 88 = -w. Calculate the remainder when 275 is divided by w.
91
Suppose 4 = m + 24. Let i = 27 + m. Let g = 86 + -60. Calculate the remainder when g is divided by i.
5
Let n = 72 - 102. Calculate the remainder when 114 is divided by (174/n)/((-2)/10).
27
Suppose -9*w = -8*w + 14. Let s = w - -23. Calculate the remainder when 42 is divided by s.
6
What is the remainder when 106 is divided by (-1128)/(-120) - 8/20?
7
Let k = 64 - 15. Let f be -2 - 15/(-3) - -2. Suppose -f*m = -35 - 30. Calculate the remainder when k is divided by m.
10
Suppose -3*l = -5*l + 46. Let s be (18/(-21))/((-22)/77). Suppose 5*v - l = -s. What is the remainder when 14 is divided by v?
2
Let l be (56/(-10) - 2)/((-2)/10). Suppose 2*n = 20 + l. What is the remainder when 114 is divided by n?
27
Suppose -9*f = 4*f - 169. What is the remainder when 61 is divided by f?
9
Let y(c) = c**3 - 6*c**2 - 27*c - 20. Let u be y(9). Let m = 21 - 36. Let n = m - u. What is the remainder when 6 is divided by n?
1
Let q = 2153 - 1497. Calculate the remainder when q is divided by 94.
92
Let t be (-4)/(-5)*(-10)/(-4). Let h be (-4)/(-5) - (-2424)/(-30). Calculate the remainder when h/12*(-9)/t is divided by 8.
6
Suppose 30*c - 31*c + 44 = 0. What is the remainder when c is divided by 16?
12
Let a = -222 - -344. What is the remainder when a is divided by 36?
14
Let m(g) = -g**3 - 4*g**2 + 2. Let u be m(-4). Let y = 11 - u. Suppose 14*t - 283 = 53. What is the remainder when t is divided by y?
6
Suppose 15*i - 14 = 151. Calculate the remainder when 28 is divided by i.
6
Let g = -18 + 21. Calculate the remainder when (g - -11) + (4 - -1) is divided by 11.
8
Let g(h) = -h**3 + 8*h**2 - 6*h - 1. Let c be g(7). Let k be (-2)/4 - (-15)/c. Suppose -285 = k*i - 7*i. Calculate the remainder when i is divided by 20.
17
Let m be (1/2)/(6/(-120)). Suppose -5*i + 3*i = 5*t - 13, 0 = 3*i + 2*t - 14. Calculate the remainder when -28*5/m*1 is divided by i.
2
Suppose 2*x - 12 = -2*x. Let a(o) = 7*o**2 - 6*o**2 + 0*o**2 + 3 - o. What is the remainder when a(x) is divided by 4?
1
Let q(o) = -o + 9. Let a be q(4). Suppose -12 - 30 = -2*p - 2*m, a*p - 150 = 4*m. What is the remainder when p is divided by 14?
12
Suppose o + o - y - 44 = 0, 0 = -5*o + y + 107. Let m = 36 - 17. Let i = m + -13. What is the remainder when o is divided by i?
3
Let k(s) = -s**2 + 21*s - 22. Let l = 62 - 43. Calculate the remainder when 30 is divided by k(l).
14
Let u be (-12)/((1/18)/1). Let v = u + 149. Let j = v - -115. What is the remainder when j is divided by 17?
14
Suppose -3*o + 2*o + 2*w + 27 = 0, 24 = o - w. Let c = o + -15. Suppose 5*l = -2*z + c, 2*z - 14 - 20 = 2*l. Calculate the remainder when 48 is divided by z.
9
Suppose -7*n = -4*n - 2907. What is the remainder when 1/(-4 - n/(-242)) is divided by 27?
26
Let l(t) = t**2 - 9*t + 7. Let s be l(-8). Suppose -3*w + s = -100. Calculate the remainder when w is divided by (14/(-2))/(2/(-8)).
25
Let s(d) = d - 30. Suppose g = 2*g. Let w = g + 2. Calculate the remainder when s(36) is divided by w.
0
Let o = 664 - 663. Suppose 0*j - 2*j = -6. Calculate the remainder when 1/((j/2)/3) is divided by o.
0
Suppose -5*s - 232 = 5*z - 32, -4*z - 5*s = 162. Let d = -27 - z. What is the remainder when 52 is divided by d?
8
Let k = 71 - 51. Suppose -5*v + 3*v + 10 = 4*d, k = -d - 5*v. Let p(z) = z**3 - 2*z**2 - 6*z - 7. What is the remainder when p(d) is divided by 13?
12
Calculate the remainder when 64 is divided by ((-44)/(-5))/((-16)/(-40)).
20
Suppose 5*z + 6 + 4 = 0, -4*l + z = 6. Let m(p) = -10*p**3 + 2*p**2 + 2*p - 1. Calculate the remainder when m(l) is divided by 21.
20
Suppose -2*b - 5*h - 84 = 0, -62 = b - 2*h - 2. Let i = b + 114. Let o(y) = 31*y + 83. What is the remainder when i is divided by o(-2)?
20
Let g(h) = -h**3 + 24*h**2 - 23*h - 21. Let z be g(23). Let u = z - -30. What is the remainder when 32 is divided by u?
5
Let w(t) = -2*t + 1. Let b be w(-1). Suppose -4*y + 3*s + 134 = y, 0 = b*y - 4*s - 87. What is the remainder when y is divided by 9?
7
Let x = -93 - -196. What is the remainder when x is divided by 8?
7
Suppose 0 = 9*x - 4*x - 60. Suppose 10*c - x*c = -24. What is the remainder when c is divided by 4?
0
Let q = 442 - 287. Calculate the remainder when q is divided by 12.
11
Let j be -10*(-3)/(-4)*(-62)/(-3). Let q = j + 186. What is the remainder when 120 is divided by q?
27
Let m(o) = 20*o**2 - 1. Let f be m(1). Let g = f - 17. Suppose 5*k = -4*j + 48, 4*k = -g*j + 9 + 15. What is the remainder when 58 is divided by j?
10
Suppose -4*p + p = -a + 54, 36 = a + 3*p. Calculate the remainder when 84 is divided by a.
39
Let x(i) = -3*i - 8. Let t be x(-4). Suppose -4*p - t*j = 156, -3*j - 10 = 2*j. What is the remainder when p/((-2)/(-2 - -4)) is divided by 10?
7
Let h(d) = 9*d - 21. Let r be h(7). Suppose u + 4*z - 3 = 1, 0 = 3*u - 3*z - r. Calculate the remainder when 45 is divided by u.
9
Suppose 4*s = -5*h, 2*s - 3*h = 33 - 11. Suppose s*f - 142 = -17. Suppose 0 = 2*b, 3*r - b - 2*b = 27. What is the remainder when f is divided by r?
7
Suppose 31*b - 86 = 29*b. What is the remainder when 124 is divided by b?
38
Let o(u) = 2*u - 11. Suppose -4*f + 217 = 21. Suppose -53*h = -f*h - 28. Calculate the remainder when h is divided by o(8).
2
Suppose -1241*t + 1240*t + 29 = 0. What is the remainder when 40 is divided by t?
11
Calculate the remainder when (9 + -5 - -4) + 556 is divided by 115.
104
What is the remainder when 48 is divided by (-10)/(-175)*-7*-90?
12
Let u = -57 - -56. What is the remainder when 2/(u/(-138)*3) + 0 is divided by 24?
20
Suppose -21 - 18 = 5*q - v, 0 = -3*q + 3*v - 33. Let y = q - -7. Calculate the remainder when 19 is divided by (9 - (2 - y)) + -2.
4
Suppose i = 21 + 4. Suppose 10*w - 74 - 26 = 0. Calculate the remainder when i is divided by w.
5
Let k(v) = v**2 + v**2 + 3*v + 3*v**2 - 3*v**2. What is the remainder when 25 is divided by k(-3)?
7
What is the remainder when (-77262)/(-162) + 10/135 is divided by 101?
73
Suppose -2 = y, -4 = h + 2*y + y. Suppose 8 = h*b - 16. Wh